{"id":3803,"date":"2025-08-21T15:38:06","date_gmt":"2025-08-21T15:38:06","guid":{"rendered":"https:\/\/usaktaksicisi.com\/?page_id=3803"},"modified":"2025-10-24T12:55:56","modified_gmt":"2025-10-24T12:55:56","slug":"hizmetlerimiz","status":"publish","type":"page","link":"https:\/\/usaktaksicisi.com\/?page_id=3803","title":{"rendered":"Hizmetlerimiz"},"content":{"rendered":"\r\n<div class=\"wp-block-cover is-light\" style=\"min-height: 711px;aspect-ratio:unset;\">\r\n<div class=\"wp-block-cover__inner-container is-layout-constrained wp-block-cover-is-layout-constrained\" style=\"text-align: center;\">\r\n<p class=\"has-text-align-center has-large-font-size\"><div class=\"spacecode\" style=\"height:5px;\"><\/div>\n\t\t<div class=\"center-title\">\n\t\t\t<h2 style=\"color:#222222\">TAKS\u0130 H\u0130ZMETLER\u0130M\u0130Z<\/h2>\n\t\t\t \n\t\t<\/div>\n\t\t<div class=\"spacecode\" style=\"height:35px;\"><\/div>\r\n\r\n\r\n<div class=\"row_area\"> \n\t\t\t<div class=\"skt-col-columns-8\"> \n\t\t\t <div class=\"logisticsbox\">\n\t\t\t\t<a href=\"https:\/\/usaktaksicisi.com\/?page_id=3881\" target=\"_self\">\n\t\t\t\t\t<div class=\"logisticsborder\">\n\t\t\t\t\t<div class=\"logistics-thumb\"><img decoding=\"async\" src=\"https:\/\/usaktaksicisi.com\/wp-content\/uploads\/2016\/02\/branding.png\"\/><\/div>\n\t\t\t\t\t\t<div class=\"logisticstitledes\">\n\t\t\t\t\t\t<div class=\"logistics-title\"><h6>U\u015fak ULA\u015eIM<\/h6><\/div>\n\t\t\t\t\t\t<div class=\"logistics-description\">U\u015fak'ta \u0130stedi\u011finiz yerden al\u0131p istedi\u011finiz yere ula\u015ft\u0131ral\u0131m.<\/div>\t\n\t\t\t\t\t\t<\/div>\n\t\t\t\t\t<\/div>\n\t\t\t\t<\/a>\n\t\t\t <\/div>\n\t\t \n\t\t\t <div class=\"logisticsbox\">\n\t\t\t\t<a href=\"https:\/\/usaktaksicisi.com\/?page_id=3881\" target=\"_self\">\n\t\t\t\t\t<div class=\"logisticsborder\">\n\t\t\t\t\t<div class=\"logistics-thumb\"><img decoding=\"async\" src=\"https:\/\/usaktaksicisi.com\/wp-content\/uploads\/2016\/02\/branding.png\"\/><\/div>\n\t\t\t\t\t\t<div class=\"logisticstitledes\">\n\t\t\t\t\t\t<div class=\"logistics-title\"><h6>U\u015fak Taksisi<\/h6><\/div>\n\t\t\t\t\t\t<div class=\"logistics-description\">U\u015fak' ta hastaneye g\u00f6t\u00fcr\u00fcp geri evinize b\u0131rakal\u0131m.<\/div>\t\n\t\t\t\t\t\t<\/div>\n\t\t\t\t\t<\/div>\n\t\t\t\t<\/a>\n\t\t\t <\/div>\n\t\t \n\t\t\t <div class=\"logisticsbox\">\n\t\t\t\t<a href=\"https:\/\/usaktaksicisi.com\/?page_id=3881\" target=\"_self\">\n\t\t\t\t\t<div class=\"logisticsborder\">\n\t\t\t\t\t<div class=\"logistics-thumb\"><img decoding=\"async\" src=\"https:\/\/usaktaksicisi.com\/wp-content\/uploads\/2016\/02\/branding.png\"\/><\/div>\n\t\t\t\t\t\t<div class=\"logisticstitledes\">\n\t\t\t\t\t\t<div class=\"logistics-title\"><h6>U\u015fak \u015eehirleraras\u0131<\/h6><\/div>\n\t\t\t\t\t\t<div class=\"logistics-description\">\u015eehirleraras\u0131 Taksi hizmetimiz vard\u0131r..<\/div>\t\n\t\t\t\t\t\t<\/div>\n\t\t\t\t\t<\/div>\n\t\t\t\t<\/a>\n\t\t\t <\/div>\n\t\t \n\t\t\t <div class=\"logisticsbox\">\n\t\t\t\t<a href=\"https:\/\/usaktaksicisi.com\/?page_id=3881\" target=\"_self\">\n\t\t\t\t\t<div class=\"logisticsborder\">\n\t\t\t\t\t<div class=\"logistics-thumb\"><img decoding=\"async\" src=\"https:\/\/usaktaksicisi.com\/wp-content\/uploads\/2016\/02\/branding.png\"\/><\/div>\n\t\t\t\t\t\t<div class=\"logisticstitledes\">\n\t\t\t\t\t\t<div class=\"logistics-title\"><h6>U\u015fak Misafir Taksi<\/h6><\/div>\n\t\t\t\t\t\t<div class=\"logistics-description\">Taksi hizmeti olarak misafirinizi istedi\u011fi yerden alabiliriz.<\/div>\t\n\t\t\t\t\t\t<\/div>\n\t\t\t\t\t<\/div>\n\t\t\t\t<\/a>\n\t\t\t <\/div>\n\t\t \n\t\t\t <div class=\"logisticsbox\">\n\t\t\t\t<a href=\"https:\/\/usaktaksicisi.com\/?page_id=3881\" target=\"_self\">\n\t\t\t\t\t<div class=\"logisticsborder\">\n\t\t\t\t\t<div class=\"logistics-thumb\"><img decoding=\"async\" src=\"https:\/\/usaktaksicisi.com\/wp-content\/uploads\/2016\/02\/branding.png\"\/><\/div>\n\t\t\t\t\t\t<div class=\"logisticstitledes\">\n\t\t\t\t\t\t<div class=\"logistics-title\"><h6>U\u015fak Al\u0131\u015fveri\u015f Taksi<\/h6><\/div>\n\t\t\t\t\t\t<div class=\"logistics-description\">U\u015fak Taksicisi olarak gelip sizi alal\u0131m<\/div>\t\n\t\t\t\t\t\t<\/div>\n\t\t\t\t\t<\/div>\n\t\t\t\t<\/a>\n\t\t\t <\/div>\n\t\t \n\t\t\t <div class=\"logisticsbox\">\n\t\t\t\t<a href=\"#\" target=\"_self\">\n\t\t\t\t\t<div class=\"logisticsborder\">\n\t\t\t\t\t<div class=\"logistics-thumb\"><img decoding=\"async\" src=\"https:\/\/usaktaksicisi.com\/wp-content\/uploads\/2016\/02\/branding.png\"\/><\/div>\n\t\t\t\t\t\t<div class=\"logisticstitledes\">\n\t\t\t\t\t\t<div class=\"logistics-title\"><h6>U\u015fak Okul Taksisi<\/h6><\/div>\n\t\t\t\t\t\t<div class=\"logistics-description\">\u00d6\u011frencinizi siz alamayacaksan\u0131z biz alabiliriz.<\/div>\t\n\t\t\t\t\t\t<\/div>\n\t\t\t\t\t<\/div>\n\t\t\t\t<\/a>\n\t\t\t <\/div>\n\t\t\n\t\t\t <div class=\"logisticsbox\">\n\t\t\t\t<a href=\"https:\/\/usaktaksicisi.com\/?page_id=3881\" target=\"_self\">\n\t\t\t\t\t<div class=\"logisticsborder\">\n\t\t\t\t\t<div class=\"logistics-thumb\"><img decoding=\"async\" src=\"https:\/\/usaktaksicisi.com\/wp-content\/uploads\/2016\/02\/branding.png\"\/><\/div>\n\t\t\t\t\t\t<div class=\"logisticstitledes\">\n\t\t\t\t\t\t<div class=\"logistics-title\"><h6>U\u015fak Otogar<\/h6><\/div>\n\t\t\t\t\t\t<div class=\"logistics-description\">U\u015fak otogar\u0131na yolcu ta\u015f\u0131ma ve otogardan yolcu alma hizmeti.<\/div>\t\n\t\t\t\t\t\t<\/div>\n\t\t\t\t\t<\/div>\n\t\t\t\t<\/a>\n\t\t\t <\/div>\n\t\t \n\t\t\t <div class=\"logisticsbox\">\n\t\t\t\t<a href=\"https:\/\/usaktaksicisi.com\/?page_id=3881\" target=\"_self\">\n\t\t\t\t\t<div class=\"logisticsborder\">\n\t\t\t\t\t<div class=\"logistics-thumb\"><img decoding=\"async\" src=\"https:\/\/usaktaksicisi.com\/wp-content\/uploads\/2016\/02\/branding.png\"\/><\/div>\n\t\t\t\t\t\t<div class=\"logisticstitledes\">\n\t\t\t\t\t\t<div class=\"logistics-title\"><h6>U\u015fak \u00dcniversite<\/h6><\/div>\n\t\t\t\t\t\t<div class=\"logistics-description\">\u00dcniversite veya herhangi bir okul i\u00e7in ula\u015f\u0131m hizmeti.<\/div>\t\n\t\t\t\t\t\t<\/div>\n\t\t\t\t\t<\/div>\n\t\t\t\t<\/a>\n\t\t\t <\/div>\n\t\t\u00a0 <\/div>  \t\n\t\t <div class=\"clear\"><\/div> <\/div><\/div>\n<\/div>\n","protected":false},"excerpt":{"rendered":"","protected":false},"author":1,"featured_media":0,"parent":0,"menu_order":0,"comment_status":"closed","ping_status":"closed","template":"templates\/page-fullwidth_template.php","meta":{"_joinchat":[],"footnotes":""},"class_list":["post-3803","page","type-page","status-publish","hentry"],"_links":{"self":[{"href":"https:\/\/usaktaksicisi.com\/index.php?rest_route=\/wp\/v2\/pages\/3803","targetHints":{"allow":["GET"]}}],"collection":[{"href":"https:\/\/usaktaksicisi.com\/index.php?rest_route=\/wp\/v2\/pages"}],"about":[{"href":"https:\/\/usaktaksicisi.com\/index.php?rest_route=\/wp\/v2\/types\/page"}],"author":[{"embeddable":true,"href":"https:\/\/usaktaksicisi.com\/index.php?rest_route=\/wp\/v2\/users\/1"}],"replies":[{"embeddable":true,"href":"https:\/\/usaktaksicisi.com\/index.php?rest_route=%2Fwp%2Fv2%2Fcomments&post=3803"}],"version-history":[{"count":31,"href":"https:\/\/usaktaksicisi.com\/index.php?rest_route=\/wp\/v2\/pages\/3803\/revisions"}],"predecessor-version":[{"id":3890,"href":"https:\/\/usaktaksicisi.com\/index.php?rest_route=\/wp\/v2\/pages\/3803\/revisions\/3890"}],"wp:attachment":[{"href":"https:\/\/usaktaksicisi.com\/index.php?rest_route=%2Fwp%2Fv2%2Fmedia&parent=3803"}],"curies":[{"name":"wp","href":"https:\/\/api.w.org\/{rel}","templated":true}]}}